{"id":209,"date":"2019-07-16T16:24:43","date_gmt":"2019-07-16T14:24:43","guid":{"rendered":"https:\/\/asiemut-paris.org\/?page_id=209"},"modified":"2022-09-15T16:13:52","modified_gmt":"2022-09-15T14:13:52","slug":"mentions-legales","status":"publish","type":"page","link":"https:\/\/asiemut-paris.org\/?page_id=209","title":{"rendered":"Mentions l\u00e9gales"},"content":{"rendered":"\t\t<div data-elementor-type=\"wp-post\" data-elementor-id=\"209\" class=\"elementor elementor-209\" data-elementor-post-type=\"page\">\n\t\t\t\t\t\t<section class=\"elementor-section elementor-top-section elementor-element elementor-element-aaa1673 elementor-section-boxed elementor-section-height-default elementor-section-height-default\" data-id=\"aaa1673\" data-element_type=\"section\" data-e-type=\"section\" data-settings=\"{&quot;background_background&quot;:&quot;classic&quot;}\">\n\t\t\t\t\t\t<div class=\"elementor-container elementor-column-gap-default\">\n\t\t\t\t\t<div class=\"elementor-column elementor-col-100 elementor-top-column elementor-element elementor-element-907349f\" data-id=\"907349f\" data-element_type=\"column\" data-e-type=\"column\">\n\t\t\t<div class=\"elementor-widget-wrap elementor-element-populated\">\n\t\t\t\t\t\t<div class=\"elementor-element elementor-element-b2e558d elementor-widget elementor-widget-spacer\" data-id=\"b2e558d\" data-element_type=\"widget\" data-e-type=\"widget\" data-widget_type=\"spacer.default\">\n\t\t\t\t<div class=\"elementor-widget-container\">\n\t\t\t\t\t\t\t<div class=\"elementor-spacer\">\n\t\t\t<div class=\"elementor-spacer-inner\"><\/div>\n\t\t<\/div>\n\t\t\t\t\t\t<\/div>\n\t\t\t\t<\/div>\n\t\t\t\t<section class=\"elementor-section elementor-inner-section elementor-element elementor-element-1b82a7d elementor-section-boxed elementor-section-height-default elementor-section-height-default\" data-id=\"1b82a7d\" data-element_type=\"section\" data-e-type=\"section\">\n\t\t\t\t\t\t<div class=\"elementor-container elementor-column-gap-default\">\n\t\t\t\t\t<div class=\"elementor-column elementor-col-100 elementor-inner-column elementor-element elementor-element-adabd49\" data-id=\"adabd49\" data-element_type=\"column\" data-e-type=\"column\">\n\t\t\t<div class=\"elementor-widget-wrap elementor-element-populated\">\n\t\t\t\t\t\t<div class=\"elementor-element elementor-element-8968925 elementor-widget elementor-widget-text-editor\" data-id=\"8968925\" data-element_type=\"widget\" data-e-type=\"widget\" data-widget_type=\"text-editor.default\">\n\t\t\t\t<div class=\"elementor-widget-container\">\n\t\t\t\t\t\t\t\t\t<p class=\"elementor-heading-title elementor-size-default\">INFORMATIONS L\u00c9GALES<\/p>\t\t\t\t\t\t\t\t<\/div>\n\t\t\t\t<\/div>\n\t\t\t\t<div class=\"elementor-element elementor-element-b175685 elementor-widget elementor-widget-spacer\" data-id=\"b175685\" data-element_type=\"widget\" data-e-type=\"widget\" data-widget_type=\"spacer.default\">\n\t\t\t\t<div class=\"elementor-widget-container\">\n\t\t\t\t\t\t\t<div class=\"elementor-spacer\">\n\t\t\t<div class=\"elementor-spacer-inner\"><\/div>\n\t\t<\/div>\n\t\t\t\t\t\t<\/div>\n\t\t\t\t<\/div>\n\t\t\t\t\t<\/div>\n\t\t<\/div>\n\t\t\t\t\t<\/div>\n\t\t<\/section>\n\t\t\t\t\t<\/div>\n\t\t<\/div>\n\t\t\t\t\t<\/div>\n\t\t<\/section>\n\t\t\t\t<section class=\"elementor-section elementor-top-section elementor-element elementor-element-3fb0a16 elementor-section-boxed elementor-section-height-default elementor-section-height-default\" data-id=\"3fb0a16\" data-element_type=\"section\" data-e-type=\"section\">\n\t\t\t\t\t\t<div class=\"elementor-container elementor-column-gap-default\">\n\t\t\t\t\t<div class=\"elementor-column elementor-col-100 elementor-top-column elementor-element elementor-element-f1049af\" data-id=\"f1049af\" data-element_type=\"column\" data-e-type=\"column\">\n\t\t\t<div class=\"elementor-widget-wrap elementor-element-populated\">\n\t\t\t\t\t\t<div class=\"elementor-element elementor-element-326c787 elementor-widget elementor-widget-spacer\" data-id=\"326c787\" data-element_type=\"widget\" data-e-type=\"widget\" data-widget_type=\"spacer.default\">\n\t\t\t\t<div class=\"elementor-widget-container\">\n\t\t\t\t\t\t\t<div class=\"elementor-spacer\">\n\t\t\t<div class=\"elementor-spacer-inner\"><\/div>\n\t\t<\/div>\n\t\t\t\t\t\t<\/div>\n\t\t\t\t<\/div>\n\t\t\t\t<div class=\"elementor-element elementor-element-e0c6bb1 elementor-widget elementor-widget-text-editor\" data-id=\"e0c6bb1\" data-element_type=\"widget\" data-e-type=\"widget\" data-widget_type=\"text-editor.default\">\n\t\t\t\t<div class=\"elementor-widget-container\">\n\t\t\t\t\t\t\t\t\t<p><span style=\"color: #333333;\">F\u00e9d\u00e9ration des Associations pour l&rsquo;Int\u00e9gration des Migrants Asiatiques (ASIEMUT)<\/span><br \/><span style=\"color: #333333;\">Association d\u00e9clar\u00e9e<\/span><br \/><span style=\"color: #333333;\">Si\u00e8ge social : 10 rue du Buisson Saint Louis, 75010 Paris<\/span><br \/><span style=\"color: #333333;\">N\u00b0RNA : W751212066<\/span><br \/><span style=\"color: #333333;\">N\u00b0SIREN : <span class=\"data\">538 708 397<\/span><\/span><br \/><span style=\"color: #333333;\">Code APE : 9499Z<\/span><\/p>\t\t\t\t\t\t\t\t<\/div>\n\t\t\t\t<\/div>\n\t\t\t\t<div class=\"elementor-element elementor-element-4e69ef7 elementor-widget elementor-widget-text-editor\" data-id=\"4e69ef7\" data-element_type=\"widget\" data-e-type=\"widget\" data-widget_type=\"text-editor.default\">\n\t\t\t\t<div class=\"elementor-widget-container\">\n\t\t\t\t\t\t\t\t\t<h4>\u00c9DITEUR \/ H\u00c9BERGEUR DU SITE<\/h4>\t\t\t\t\t\t\t\t<\/div>\n\t\t\t\t<\/div>\n\t\t\t\t<div class=\"elementor-element elementor-element-8c71695 elementor-widget elementor-widget-text-editor\" data-id=\"8c71695\" data-element_type=\"widget\" data-e-type=\"widget\" data-widget_type=\"text-editor.default\">\n\t\t\t\t<div class=\"elementor-widget-container\">\n\t\t\t\t\t\t\t\t\t<p><span style=\"color: #000000;\"><strong>\u00c9diteur du site<br \/><\/strong>F\u00e9d\u00e9ration des Associations pour l&rsquo;Int\u00e9gration des Migrants Asiatiques (ASIEMUT)<\/span><br \/><span style=\"color: #000000;\">Association d\u00e9clar\u00e9e<\/span><br \/><span style=\"color: #000000;\">Si\u00e8ge social : 10 rue du Buisson Saint Louis, 75010 Paris<\/span><br \/><span style=\"color: #000000;\">01 85 09 18 85 \/ asiemut@asiemut-paris.org<\/span><\/p><p><span style=\"color: #000000;\"><strong>H\u00e9bergeur du site<\/strong><\/span><br \/><span style=\"color: #000000;\">Le site asiemut-paris.org est h\u00e9berg\u00e9 par : <\/span><br \/><span style=\"color: #000000;\">OVH, <\/span><br \/><span style=\"color: #000000;\">2 rue Kellermann, 59100 Roubaix, France<\/span><br \/><span style=\"color: #000000;\">Pour contacter cet h\u00e9bergeur, rendez-vous sur http:\/\/www.ovh.com\/fr\/support\/<\/span><\/p>\t\t\t\t\t\t\t\t<\/div>\n\t\t\t\t<\/div>\n\t\t\t\t<div class=\"elementor-element elementor-element-d6d47f2 elementor-widget elementor-widget-text-editor\" data-id=\"d6d47f2\" data-element_type=\"widget\" data-e-type=\"widget\" data-widget_type=\"text-editor.default\">\n\t\t\t\t<div class=\"elementor-widget-container\">\n\t\t\t\t\t\t\t\t\t<h4>CONDITIONS D&rsquo;UTILISATION<\/h4>\t\t\t\t\t\t\t\t<\/div>\n\t\t\t\t<\/div>\n\t\t\t\t<div class=\"elementor-element elementor-element-9e193d9 elementor-widget elementor-widget-text-editor\" data-id=\"9e193d9\" data-element_type=\"widget\" data-e-type=\"widget\" data-widget_type=\"text-editor.default\">\n\t\t\t\t<div class=\"elementor-widget-container\">\n\t\t\t\t\t\t\t\t\t<p><span style=\"color: #000000;\">\u200b<\/span><span style=\"color: #000000;\">L\u2019utilisation de ce site Internet vaut acceptation des conditions mentionn\u00e9es ci-apr\u00e8s. ASIEMUT se r\u00e9serve la possibilit\u00e9 d\u2019engager des poursuites judiciaires en cas de violation de ces conditions d\u2019utilisation, notamment en cas de non-respect et d\u2019utilisation non autoris\u00e9e des noms et embl\u00e8mes de l\u2019association ou en cas de violation des droits li\u00e9s \u00e0 l\u2019information, au graphisme, aux textes, vid\u00e9os, documents audio, photos et images et plus g\u00e9n\u00e9ralement \u00e0 l\u2019ensemble du contenu du site.<\/span><\/p><p><span style=\"color: #000000;\"><b>Droits d\u2019auteur<\/b><\/span><br \/><span style=\"color: #000000;\">En application du Code fran\u00e7ais de la propri\u00e9t\u00e9 intellectuelle et plus g\u00e9n\u00e9ralement des trait\u00e9s et accords internationaux comportant des dispositions relatives \u00e0 la protection des droits d\u2019auteurs, il est interdit pour un usage autre que priv\u00e9 ou p\u00e9dagogique de reproduire, vendre, diffuser, modifier, publier int\u00e9gralement ou partiellement, sous quelque forme que ce soit les donn\u00e9es, la pr\u00e9sentation ou l\u2019organisation du site ainsi que les \u0153uvres prot\u00e9g\u00e9es par les droits d\u2019auteur qui y figurent, sans autorisation \u00e9crite particuli\u00e8re et pr\u00e9alable, dont la demande doit \u00eatre adress\u00e9e au webmaster.<\/span><\/p><p><span style=\"color: #000000;\"><b>Liens<\/b><\/span><br \/><span style=\"color: #000000;\">Les responsables de services en ligne qui cr\u00e9ent des liens vers le pr\u00e9sent site sont tenus d\u2019en informer le webmaster. Ce site Internet peut comporter des liens vers d\u2019autres sites qui ne sont pas sous contr\u00f4le permanent. Ces liens sont consid\u00e9r\u00e9s comme utiles et pouvant enrichir l\u2019information pr\u00e9sente sur le site. ASIEMUT n\u2019endosse aucune responsabilit\u00e9 relative \u00e0 ces sites, notamment en ce qui concerne l\u2019exactitude ou la fiabilit\u00e9 des informations, des donn\u00e9es et des opinions qui y figurent.<\/span><\/p><p><span style=\"color: #000000;\"><b>D\u00e9charge de responsabilit\u00e9<\/b><\/span><br \/><span style=\"color: #000000;\">ASIEMUT effectue les d\u00e9marches n\u00e9cessaires pour assurer la fiabilit\u00e9 des informations contenues dans ce site. Cependant, elle ne peut encourir une quelconque responsabilit\u00e9 du fait d\u2019erreurs, d\u2019omissions ou des r\u00e9sultats qui pourraient \u00eatre obtenus \u00e0 la suite de l\u2019usage des informations diffus\u00e9es. ASIEMUT n\u2019est tenue qu\u2019\u00e0 une obligation de moyens concernant les informations mises \u00e0 disposition sur le site. De m\u00eame, elle n\u2019est en aucun cas responsable de l\u2019infection par des virus ou de tout autre probl\u00e8me informatique ayant des effets destructeurs.<\/span><\/p>\t\t\t\t\t\t\t\t<\/div>\n\t\t\t\t<\/div>\n\t\t\t\t<div class=\"elementor-element elementor-element-73f826a elementor-widget elementor-widget-text-editor\" data-id=\"73f826a\" data-element_type=\"widget\" data-e-type=\"widget\" data-widget_type=\"text-editor.default\">\n\t\t\t\t<div class=\"elementor-widget-container\">\n\t\t\t\t\t\t\t\t\t<h4>Les Cookies\u00a0<\/h4>\t\t\t\t\t\t\t\t<\/div>\n\t\t\t\t<\/div>\n\t\t\t\t<div class=\"elementor-element elementor-element-13690fd elementor-widget elementor-widget-text-editor\" data-id=\"13690fd\" data-element_type=\"widget\" data-e-type=\"widget\" data-widget_type=\"text-editor.default\">\n\t\t\t\t<div class=\"elementor-widget-container\">\n\t\t\t\t\t\t\t\t\t<p><span style=\"color: #000000;\"><b>Qu\u2019est-ce qu\u2019un cookie ?<\/b><\/span><br \/><span style=\"color: #000000;\">Un cookie est une information d\u00e9pos\u00e9e sur votre disque dur par le serveur du site que vous visitez. Ils ont notamment pour but de collecter des informations relatives \u00e0 votre navigation sur les sites et de vous adresser des services personnalis\u00e9s.<\/span><\/p><p><span style=\"color: #000000;\"><b>Comment refuser les cookies ?<\/b><\/span><br \/><span style=\"color: #000000;\">Vous pouvez \u00e0 tout moment choisir de d\u00e9sactiver ces cookies dans les param\u00e8tres de votre navigateur. Vous pouvez accepter ou refuser les cookies au cas par cas ou bien les refuser syst\u00e9matiquement une fois pour toutes.<\/span><\/p>\t\t\t\t\t\t\t\t<\/div>\n\t\t\t\t<\/div>\n\t\t\t\t<div class=\"elementor-element elementor-element-f1704f1 elementor-widget elementor-widget-spacer\" data-id=\"f1704f1\" data-element_type=\"widget\" data-e-type=\"widget\" data-widget_type=\"spacer.default\">\n\t\t\t\t<div class=\"elementor-widget-container\">\n\t\t\t\t\t\t\t<div class=\"elementor-spacer\">\n\t\t\t<div class=\"elementor-spacer-inner\"><\/div>\n\t\t<\/div>\n\t\t\t\t\t\t<\/div>\n\t\t\t\t<\/div>\n\t\t\t\t\t<\/div>\n\t\t<\/div>\n\t\t\t\t\t<\/div>\n\t\t<\/section>\n\t\t\t\t<\/div>\n\t\t","protected":false},"excerpt":{"rendered":"<p>INFORMATIONS L\u00c9GALES F\u00e9d\u00e9ration des Associations pour l&rsquo;Int\u00e9gration des Migrants Asiatiques (ASIEMUT) Association d\u00e9clar\u00e9e Si\u00e8ge social : 10 rue du Buisson Saint Louis, 75010 Paris N\u00b0RNA : W751212066 N\u00b0SIREN : 538 708 397 Code APE : 9499Z \u00c9DITEUR \/ H\u00c9BERGEUR DU SITE \u00c9diteur du site F\u00e9d\u00e9ration des Associations pour l&rsquo;Int\u00e9gration des Migrants Asiatiques (ASIEMUT) Association d\u00e9clar\u00e9e [&hellip;]<\/p>\n","protected":false},"author":2,"featured_media":0,"parent":0,"menu_order":0,"comment_status":"closed","ping_status":"closed","template":"elementor_header_footer","meta":{"_monsterinsights_skip_tracking":false,"_monsterinsights_sitenote_active":false,"_monsterinsights_sitenote_note":"","_monsterinsights_sitenote_category":0,"footnotes":""},"class_list":["post-209","page","type-page","status-publish","hentry"],"_links":{"self":[{"href":"https:\/\/asiemut-paris.org\/index.php?rest_route=\/wp\/v2\/pages\/209","targetHints":{"allow":["GET"]}}],"collection":[{"href":"https:\/\/asiemut-paris.org\/index.php?rest_route=\/wp\/v2\/pages"}],"about":[{"href":"https:\/\/asiemut-paris.org\/index.php?rest_route=\/wp\/v2\/types\/page"}],"author":[{"embeddable":true,"href":"https:\/\/asiemut-paris.org\/index.php?rest_route=\/wp\/v2\/users\/2"}],"replies":[{"embeddable":true,"href":"https:\/\/asiemut-paris.org\/index.php?rest_route=%2Fwp%2Fv2%2Fcomments&post=209"}],"version-history":[{"count":27,"href":"https:\/\/asiemut-paris.org\/index.php?rest_route=\/wp\/v2\/pages\/209\/revisions"}],"predecessor-version":[{"id":2494,"href":"https:\/\/asiemut-paris.org\/index.php?rest_route=\/wp\/v2\/pages\/209\/revisions\/2494"}],"wp:attachment":[{"href":"https:\/\/asiemut-paris.org\/index.php?rest_route=%2Fwp%2Fv2%2Fmedia&parent=209"}],"curies":[{"name":"wp","href":"https:\/\/api.w.org\/{rel}","templated":true}]}}